12?
-112221201222010122
In base 15, what is -77d + -2e4d?
-36cb
In base 13, what is b9c3a4a - 4?
b9c3a46
In base 8, what is -245244263 + 1?
-245244262
In base 12, what is -410 - 70ab75?
-70b385
In base 13, what is -4c80a13 + -3?
-4c80a16
In base 3, what is 1020212021211220112 + -12?
1020212021211220100
In base 2, what is 1100010011000111010000010 - 1?
1100010011000111010000001
In base 16, what is ea9c6 + -3?
ea9c3
In base 7, what is 2250342 + 5?
2250350
In base 14, what is -60c53a + 7?
-60c533
In base 2, what is 11001100001110101 - -10001100?
11001100100000001
In base 8, what is -2 - -40672343?
40672341
In base 15, what is 5 + -7903c53?
-7903c4d
In base 4, what is 2100213110 + 1102?
2100220212
In base 13, what is -2577 - -207a?
-4ca
In base 8, what is -465337 + 125?
-465212
In base 13, what is 160ca9 + 4?
160cb0
In base 15, what is 150 + de4ac?
de60c
In base 7, what is -224064213 + -41?
-224064254
In base 8, what is -4 + 16132213?
16132207
In base 13, what is 528 - -10c63?
1148b
In base 6, what is -1253 + -4055?
-5352
In base 3, what is 22002112 + -211212?
21020200
In base 16, what is 1b9 - -9635?
97ee
In base 16, what is -1 + -1b6f24?
-1b6f25
In base 7, what is 20150 + -152435?
-132255
In base 11, what is -4018 + -1a2?
-420a
In base 15, what is 110bbc9 - -2?
110bbcb
In base 7, what is -5 + 2005351306?
2005351301
In base 6, what is 40 - 541404?
-541324
In base 12, what is -4002311 + 3?
-400230a
In base 10, what is -19921 + 730?
-19191
In base 13, what is 460122 - -1?
460123
In base 11, what is -2923a655 - 0?
-2923a655
In base 14, what is 720 - -a8c2?
b202
In base 4, what is -122232221 + -122?
-122233003
In base 15, what is 40b10a69 + 4?
40b10a6d
In base 5, what is 3031214 - 40?
3031124
In base 10, what is -45 - 784026?
-784071
In base 9, what is -11655 - 36?
-11702
In base 14, what is 7b51522 + -3?
7b5151d
In base 10, what is 1528 + -2250?
-722
In base 7, what is 345060 + 14?
345104
In base 2, what is 11 + 1011011000100010010111?
1011011000100010011010
In base 12, what is -990 - 7921?
-86b1
In base 7, what is 2 + 4036312201?
4036312203
In base 7, what is -1310 - -2643602?
2642262
In base 5, what is -100343 + -104042?
-204440
In base 8, what is -3215356 - 154?
-3215532
In base 9, what is -14712744 + -4?
-14712748
In base 3, what is -20010001012 + -200?
-20010001212
In base 9, what is 283 + 185870?
186263
In base 8, what is -3015703400 - -2?
-3015703376
In base 12, what is 19b3b52 - 1?
19b3b51
In base 6, what is -20 - 102113411?
-102113431
In base 3, what is -10 + 1000201120121201220?
1000201120121201210
In base 13, what is -6b4 + -6632?
-7016
In base 9, what is 264 + -1538271?
-1538006
In base 16, what is -53533 - -20?
-53513
In base 13, what is 4020 - -a0?
40c0
In base 11, what is 34a711 + -184?
34a538
In base 9, what is 351436 - 254?
351172
In base 12, what is 47 - -42a6b80?
42a7007
In base 7, what is -6001 - -121560?
112556
In base 2, what is -11101011111110010001 + 1?
-11101011111110010000
In base 5, what is 2323432 + 311111?
3140043
In base 7, what is -3256546 - -3541?
-3253005
In base 7, what is -22412 + -542?
-23254
In base 7, what is 161553 - 3451?
155102
In base 10, what is 1 + 35902?
35903
In base 8, what is 17107 - -43253?
62362
In base 3, what is -11 - -2020021212112?
2020021212101
In base 8, what is -2046527 + 7?
-2046520
In base 8, what is -2 + -50652424?
-50652426
In base 10, what is -814 + -13102?
-13916
In base 4, what is 3132 - -31122312?
31132110
In base 14, what is 3a51 + -80?
39b1
In base 4, what is 201130033232000 - 2?
201130033231332
In base 5, what is 2324033 + -10344?
2313134
In base 8, what is -6050 - -6022?
-26
In base 6, what is -3 - -324303151?
324303144
In base 14, what is -26d830 + 0?
-26d830
In base 5, what is -414231 + 13424?
-400302
In base 13, what is a73c4 + -27?
a739a
In base 8, what is -32201106 + 13?
-32201073
In base 5, what is 2234220 - 4334?
2224331
In base 3, what is 2021201011212 + -12?
2021201011200
In base 11, what is -9943 + -2421?
-11264
In base 8, what is -23 + 22324112?
22324067
In base 10, what is 72058844 + 1?
72058845
In base 9, what is -2 - -31313127?
31313125
In base 8, what is 101 - 12517016?
-12516715
In base 14, what is 207c + 420?
249c
In base 3, what is -10022201212202200011 + -12?
-10022201212202200100
In base 16, what is c2 - -bc90f?
bc9d1
In base 7, what is 236010360 - -10?
236010400
In base 16, what is 1101 + -1a36?
-935
In base 13, what is -a60354 - -5?
-a6034c
In base 3, what is -10001 - -200010102121?
200010022120
In base 14, what is -2462 + -b76b?
-dbcd
In base 14, what is -1 - 3272455?
-3272456
In base 3, what is 11000211110020010 - 1?
11000211110020002
In base 7, what is 3506 + 146101?
152610
In base 10, what is 1 - -2988081?
2988082
In base 15, what is 93 - -3582a?
358bd
In base 7, what is -142215 - -12516?
-126366
In base 5, what is -1101311 + 134031?
-412230
In base 6, what is -35205 - -213?
-34552
In base 14, what is 9 + 119a255?
119a260
In base 4, what is 1112301 - 1232?
1111003
In base 4, what is -1322 + 1130320312?
1130312330
In base 2, what is -1011010110100010000100 + -10111?
-1011010110100010011011
In base 2, what is 10000 + -110101110000111111111111?
-110101110000111111101111
In base 5, what is 214 - -12221103?
12221322
In base 4, what is 11030223 - -222211?
11313100
In base 12, what is 7 - -1625365?
1625370
In base 5, what is 1244302211 - 14?
1244302142
In base 9, what is 854422 + -64?
854347
In base 9, what is -10 - -100372567?
100372557
In base 2, what is -10001111011011111010101001 - -1?
-10001111011011111010101000
In base 14, what is -57 - d957?
-d9b0
In base 8, what is -340656 + 2461?
-336175
In base 16, what is -6 - -15da1eb?
15da1e5
In base 14, what is 895 + -5c2?
2b3
In base 14, what is -1 + -8b639b3?
-8b639b4
In base 6, what is 1 + 33052214543?
33052214544
In base 8, what is 4 + 305326544?
305326550
In base 8, what is 15 + 10455743?
10455760
In base 13, what is 3b7c34 - 5?
3b7c2c
In base 8, what is 1114215717 + 4?
1114215723
In base 2, what is -111000111 + 11111011010?
11000010011
In base 5, what is -1241 + -14100211?
-14102002
In base 4, what is 202231 - -31001?
233232
In base 6, what is -50 - -1412403?
1412313
In base 13, what is 2bc065 - -566?
2bc5cb
In base 6, what is 3 - -535234435?
535234442
In base 13, what is 259679c8 + 5?
25967a00
In base 5, what is -4131144 - -1110?
-4130034
In base 13, what is -24aa77 - -b?
-24aa69
In base 3, what is 110100000022 - 11220?
110022211102
In base 13, what is -5809 - -41a?
-53bc
In base 5, what is -3 + -30224240?
-30224243
In base 11, what is 56792564 + 0?
56792564
In base 16, what is -3 + -1d320b?
-1d320e
In base 9, what is 0 + -165272874?
-165272874
In base 3, what is -1210111212221020 + -12?
-1210111212221102
In base 11, what is 757 + 11584?
12230
In base 16, what is -3f + 661bf?
66180
In base 11, what is 1135174a + 0?
1135174a
In base 15, what is 34200d56 + 5?
34200d5b
In base 7, what is -303401345 + -1?
-303401346
In base 3, what is 11220 - 1221101020?
-1221012100
In base 9, what is 4163445 + -48?
4163386
In base 12, what is -2 - 9429b2?
-9429b4
In base 10, what is -49 + 127719?
127670
In base 9, what is 2 - 30047740?
-30047737
In base 4, what is -2121133020 - 10?
-2121133030
In base 14, what is 6a1 + -2734?
-2073
In base 3, what is 1 - -11121212210210102?
11121212210210110
In base 2, what is -100111100 + -1000011110110000101?
-1000011111011000001
In base 16, what is bd7 - 1216?
-63f
In base 10, what is 1 - -49372106?
49372107
In base 7, what is 11 - 66623013?
-66623002
In base 10, what is 859446 - -1?
859447
In base 14, what is c8 + -c987?
-c89d
In base 14, what is -7 + -2781cb?
-2781d4
In base 16, what is -5f + -18d30?
-18d8f
In base 2, what is 1100101111110111011001101 - 110?
1100101111110111011000111
In base 10, what is -29 - 96446?
-96475
In base 13, what is -c99b - -572?
-c429
In base 10, what is -7385235 - 40?
-7385275
In base 15, what is 122a82 + -2?
122a80
In base 10, what is -695126404 + -4?
-695126408
In base 3, what is 202 - 212222111201121?
-212222111200212
In base 6, what is -343 + 3434432?
3434045
In base 10, what is 54 + -2855267?
-2855213
In base 10, what is -867 + -17992?
-18859
In base 13, what is -39 - 737955?
-737991
In base 5, what is -14 + -13101010001?
-13101010020
In base 6, what i